29. Calculate g(3).
-3
Let f(i) = -2 + 1 - 6 - 6*i + 2*i + i**2. Suppose 0 = -4*y - y + 30. Determine f(y).
5
Let x(y) = 2*y + 5. Suppose -l = 5*v - 50, 4*l = -0*v + 3*v + 246. Let f be l/(-14) - 18/(-63). Calculate x(f).
-3
Let l(g) be the first derivative of -g**3/3 - g**2/2 - 6*g - 1. Let f be l(0). Let v be (f/3)/(4/10). Let s(m) = -m**3 - 5*m**2 - m + 2. Give s(v).
7
Let r(n) = 0 - 2 - 4*n**3 - 4*n**2 + n + 5*n**3. Let w(l) = l**3 + 3*l**2 - 2*l - 2. Let y be w(-3). Calculate r(y).
2
Let d(j) = 2*j - 4. Let z be ((-1)/(-3))/(1/12). Let w be d(z). Let m(k) = -k**3 + 3*k**2 + 6*k - 1. Calculate m(w).
7
Let w(a) = -a**2 - 2*a - 5. Let o(l) = l - 1. Let p(v) = -3*o(v) + w(v). Calculate p(-5).
-2
Let y(l) = -l**2 + 10*l + 4. Let s be y(5). Let i = s - 26. Let n(c) = c**2 - 3*c + 3. Calculate n(i).
3
Let z = -18 + 20. Suppose -z*m + 0*m = 2. Let v(g) = 2*g**2 + 2*g + 1. Calculate v(m).
1
Let x = 12 - 9. Let k(g) = -7*g**3 - 2*g**2 - 1 - x + 8*g**3. Give k(3).
5
Let o(t) be the second derivative of 0*t**2 - 1/120*t**5 - 1/3*t**3 + 0 - 2*t - 3/8*t**4. Let f(a) be the second derivative of o(a). Determine f(-4).
-5
Let t(c) = c**2 + 4*c + c**2 - 3*c**2 + 2*c**2 - 3. Let u be t(-5). Suppose -3*m + 5*d = -21, 2*d + 12 = -u*d. Let z(l) = -l**2 + 3*l - 3. Calculate z(m).
-1
Let d(t) be the first derivative of 1 - t + 1/4*t**4 + 7/3*t**3 + 3*t**2. Determine d(-6).
-1
Let n(y) = -4*y**2 - 1 - 7*y**2 + 2*y + 8*y**2. Suppose -4*i = -5*i + 1. Suppose 0*a - i = -3*a + l, 3*l - 5 = a. Determine n(a).
-2
Let t be -48*4*2/16. Let l = t - -16. Let n(u) = -u**2 - 9*u - 1. What is n(l)?
7
Let m(u) be the third derivative of -u**4/24 - u**3/6 - 40*u**2. Give m(7).
-8
Let n(i) = 7*i**2 - 2*i - 7. Let c(p) = -10*p**2 + 3*p + 11. Let s(w) = -5*c(w) - 8*n(w). Give s(-1).
-6
Let i(q) = -q**2 + 7*q + 5. Let x = -19 - -71. Let k be (x/(-16) + 3)*-28. Determine i(k).
5
Let b(h) = -3*h + 69. Let r be b(21). Let u(p) = p**2 - 8*p + 7. What is u(r)?
-5
Let o(m) = 7*m - m**3 - 2*m**2 - 3*m**2 + 2 + 7 - 5. Let r be (-4)/18 + 260/(-45). Give o(r).
-2
Let s(v) be the third derivative of v**6/120 + 7*v**5/60 + v**4/4 - 4*v**3/3 + 3*v**2. Give s(-6).
-8
Let h be (-1 + 0)/(-2 + 3). Let g(b) = b**3 - 7*b**2 + b - 5. Let i be g(7). Let l(c) = -2*c - c**2 - 3*c**2 + 3*c - i*c**2. Determine l(h).
-7
Let f(g) = -3*g - 29. Let l be f(-11). Let o(j) = -j**3 + 4*j**2 + 3*j - 2. What is o(l)?
10
Let n(f) = 4*f**2 + f**2 + f**3 + 8*f - 4*f + 2 + 1. What is n(-4)?
3
Let r(g) = -g + 27*g**3 + 5*g - 25*g**3 - 2 - 4*g**2. Give r(2).
6
Let p(c) = -c**3 + 5*c**2 + 7*c - 2. Let k be p(6). Suppose 11 = 2*a - n, -a - k*n - 2 = 6. Suppose 1 = 3*z + a. Let w(s) = -s. Calculate w(z).
1
Let t(d) = d**3 + d**2 + 4*d**2 + 3 - 3*d**2 - 2*d. Let j be (-9)/(-2)*4/(-6). Determine t(j).
0
Let i(u) be the first derivative of 0*u**2 + 1 - 1/6*u**3 + 2*u. Let g(q) be the first derivative of i(q). What is g(3)?
-3
Let c(b) = -b**3 - 4*b**2 - 3*b - 2. Suppose -1 = -6*g - 19. What is c(g)?
-2
Let n(r) = r**3 - 4*r**2 - 6*r + 3. Let d be 3/2 - (-77)/22. Determine n(d).
-2
Let b(a) = 4 - 1 - 2 + a. Let m(t) = 3*t - 3. Let o(d) = 2*b(d) - m(d). Let y be -10*(0 - (-7)/(-14)). Calculate o(y).
0
Let z(u) = 3*u + 15. Suppose 120*c = 115*c - 50. Determine z(c).
-15
Let l(r) be the first derivative of r**3/3 + 3*r**2 + 6*r - 6. Determine l(-5).
1
Let m be -1 + -2 + 1 - -2. Let h = -1 - -6. Let y = h + m. Let a(w) = -w**3 + 4*w**2 + 6*w - 4. What is a(y)?
1
Let d(c) = c + 20. Let v(z) = 2*z + 39. Let y(i) = -7*d(i) + 4*v(i). What is y(-12)?
4
Let j be ((-30)/(-20))/(6/16). Let f(u) = -u**2 + 4*u + 1. What is f(j)?
1
Let g(m) be the third derivative of -m**7/1680 - m**6/360 - m**5/30 - 2*m**2. Let a(q) be the third derivative of g(q). Determine a(-2).
4
Let f(b) = -2*b**3 + 2*b**2 + 3*b + 2. Let u = -16 - -14. Calculate f(u).
20
Suppose -q = -5*q - 16. Let x = q + 1. Let t(p) = -p**2 - 3*p - 2. Give t(x).
-2
Suppose -v - q + 4 = 4*v, 4 = -2*v + q. Suppose -4 = 2*m - v*m. Let z(t) = t**2 + 2*t - 1. Give z(m).
-1
Let h(y) = 7*y + 6. Let l(p) = -p. Let w(c) = -h(c) - 6*l(c). Determine w(-5).
-1
Let b(f) = -f**2 - 6*f + 1. Let y be 1 + (-1)/((-5)/(-20)). Calculate b(y).
10
Suppose q - 8 = -3*q. Let d = -2 + q. Let v(s) = -s**2 + 4. What is v(d)?
4
Let u = -5 - 2. Let q(x) = 10*x**2 + 11*x + 19. Let j(d) = -3*d**2 - 4*d - 6. Let i(f) = u*j(f) - 2*q(f). Determine i(-4).
-4
Let d(g) = -g**3 + 6*g**2 - g - 1. Let a(h) = -2*h**2 - 12*h - 1. Let u be a(-7). Let x be (-95)/u + (-2)/6. Calculate d(x).
-7
Suppose -30 = -3*l - 3*b, -b = 2*l + 2*b - 25. Suppose q - 2*q = 0. Let y(t) = l*t - t**2 - 3*t + q*t**2 + 2. Give y(3).
-1
Suppose -15 - 9 = -4*a. Let c be (-4)/a*(-6)/4. Let q be c*6/9*-6. Let y(n) = n**2 + 5*n - 1. Give y(q).
-5
Suppose h + 0 = -w + 4, 5*w = 4*h + 2. Let x(r) = 0*r**h - 4*r**2 - 4 - 2 - 6*r + 3*r**2. Give x(-4).
2
Let a(o) = -o**3 - o**2 - o. Let h(z) = 2*z**3 + z**2 + 2*z - 1. Let q(y) = 7*a(y) + 4*h(y). Determine q(3).
-1
Let v(c) = -c + 6. Suppose 0 = 4*d - 4*o - 96, -2*d + d + 25 = -2*o. Suppose -5*g = -d - 7. Determine v(g).
0
Let x(r) = -r**3 + 4*r**2 + r - 3. Let i(u) = u. Let y(f) = 4*f - 8. Let d(b) = -2*i(b) + y(b). Let a be d(8). Let v be (3/(-3))/((-2)/a). What is x(v)?
1
Let k = 3 - -3. Let z(c) = 4*c**2 + 2*c + 2. Let x(g) = -5*g**2 - 3*g - 3. Let s(d) = k*z(d) + 5*x(d). Calculate s(-4).
-7
Let c(j) = 7*j**2 + 0 + 2*j + 6 - 2*j**2 - 3*j**2. What is c(-4)?
30
Let f(i) = 53*i - 110*i + i**2 + 52*i. Determine f(4).
-4
Let t(z) be the third derivative of 0*z**3 + 2*z**2 + 0 + 1/24*z**4 + 1/60*z**5 + 0*z. Give t(1).
2
Let d(i) be the first derivative of -i**3/3 - 2*i**2 - 4*i + 13. Determine d(-5).
-9
Let x be 20/2 - (0 + 3). Let j = -3 + x. Let s(m) = -m**3 + 4*m**2 + m - 1. What is s(j)?
3
Suppose -12 = -3*t + 2*q, 27 = 3*t + 3*q - 0*q. Let z(u) = u - 5. Determine z(t).
1
Let n(b) be the second derivative of -b**4/6 - b**3/3 + 27*b. Determine n(-2).
-4
Let s(w) = -9*w**3 - w**2. Let q be s(-1). Let f(j) = q*j - j**2 - 3*j - 1 - 3. Let k = 6 - 2. Determine f(k).
0
Let k(t) = t + 3. Let g(p) be the second derivative of p**3/6 - 3*p**2 - p. Let v be g(10). Calculate k(v).
7
Let t = -8 + 5. Let j(z) = z + 4. Let a be j(t). Let h(g) = -6*g. Give h(a).
-6
Let f(n) = -n**2 + 2. Let a(z) = -2*z - 12. Let i be a(-8). Determine f(i).
-14
Let g(w) = 5*w**2 + 11*w. Let k(y) = -2*y**2 - 4*y. Let o(m) = -3*g(m) - 8*k(m). Let i be 8/6*(-15)/(-10). Determine o(i).
2
Suppose -n = -5*n + 3*s + 30, 0 = -2*n + 4*s + 20. Let k(v) = v - 10. Calculate k(n).
-4
Suppose -4 = -3*w - w. Let o = 2 + w. Suppose -2 = -o*u + u. Let d(f) = 2*f**2. Give d(u).
2
Let n(p) = 25 + 5*p**2 - 4*p - 25 - p**3. What is n(3)?
6
Let p = 55 - 39. Suppose 0 = 2*c - 2 - 2. Let a(i) = -p*i + 4*i**2 + 5 - i**3 + 14*i + 0*i**c. Calculate a(4).
-3
Let h(c) = 7*c**2 - c. Let t = 16 - 14. Suppose a + 22 = 5*o, -2*o + 2*a + 12 = -0. Suppose t = -j - 2*j - f, o*j - 5*f = -9. What is h(j)?
8
Let i(k) = k**3 - 5*k**2 + 5*k. Let b be i(4). Let x = -3 + b. Let p(u) = 7*u**3 - u**2 + u. Give p(x).
7
Let q(v) = v**2 + 2*v + 1. Suppose 4*x - 2*f + 4 = 0, 0 = 4*x - 5*f + 2*f + 2. Give q(x).
1
Let n(h) = -h**2 + 2*h + 6. Suppose -4*o - z = -12 - 6, 0 = -3*o + z + 17. Determine n(o).
-9
Let y(l) = l**2 - 4*l - 5. Let m(i) = i**2 - i - 1. Let j(x) = 2*m(x) - y(x). Suppose -3*g = -5*q - 30, -3*g + 9 + 9 = -q. Determine j(q).
6
Let y = -1 + 0. Let o(g) = 968*g**2 - 484*g**2 - 491*g**2. Give o(y).
-7
Let i(l) = -l**2 + 4*l + 2. Suppose -6*p + 3 = -21. Determine i(p).
2
Let j(r) = 2. Let p(m) = -m + 3. Let w(g) = -5*j(g) + 3*p(g). Give w(4).
-13
Let p(m) = m + 5. Let x = 1 - 3. Let y = 2 - x. Calculate p(y).
9
Let w = -34 + 29. Let d(s) = -s - 2. Give d(w).
3
Let v(b) = 4*b**3 + 6*b**2 + 6*b - 7. Let n(k) = k**3 + k - 1. Let m(i) = -5*n(i) + v(i). Determine m(6).
4
Suppose 3 = -3*w - 0. Let l be 6*w - 1 - -3. Let t(x) = -4*x**2 - 3 + 4*x**2 + 0*x**3 - 4*x**2 - x**3. What is t(l)?
-3
Let x(r) = 2*r + 2. Let l be x(-2). Let b(g) = 3*g. Give b(l).
-6
Let o(i) = i**3 + 5*i**2 - i. Suppose 2*b - 4*r + 12 = 0, 3*r = 6*b - b + 23. Let x be o(b). Suppose 0 = -5*s - x - 0. Let p(q) = q - 5. Calculate p(s).
-9
Let l(d) = 3 + 0 + 3 - 5*d - 5. What is l(3)?
-14
Suppose -131*m = -130*m 